{"id":61201,"date":"2026-03-23T15:58:56","date_gmt":"2026-03-23T14:58:56","guid":{"rendered":"https:\/\/dcgi-wp.felk.cvut.cz\/people\/pradoiva\/"},"modified":"2026-03-23T15:58:57","modified_gmt":"2026-03-23T14:58:57","slug":"pradoiva","status":"publish","type":"people","link":"https:\/\/dcgi.fel.cvut.cz\/en\/people\/pradoiva\/","title":{"rendered":"Ivana P\u0159\u00e1dov\u00e1"},"featured_media":0,"template":"","meta":{"_acf_changed":false},"category_people":[46],"class_list":["post-61201","people","type-people","status-publish","hentry"],"acf":[],"aioseo_notices":[],"_links":{"self":[{"href":"https:\/\/dcgi.fel.cvut.cz\/en\/wp-json\/wp\/v2\/people\/61201","targetHints":{"allow":["GET"]}}],"collection":[{"href":"https:\/\/dcgi.fel.cvut.cz\/en\/wp-json\/wp\/v2\/people"}],"about":[{"href":"https:\/\/dcgi.fel.cvut.cz\/en\/wp-json\/wp\/v2\/types\/people"}],"version-history":[{"count":1,"href":"https:\/\/dcgi.fel.cvut.cz\/en\/wp-json\/wp\/v2\/people\/61201\/revisions"}],"predecessor-version":[{"id":61245,"href":"https:\/\/dcgi.fel.cvut.cz\/en\/wp-json\/wp\/v2\/people\/61201\/revisions\/61245"}],"wp:attachment":[{"href":"https:\/\/dcgi.fel.cvut.cz\/en\/wp-json\/wp\/v2\/media?parent=61201"}],"wp:term":[{"taxonomy":"category_people","embeddable":true,"href":"https:\/\/dcgi.fel.cvut.cz\/en\/wp-json\/wp\/v2\/category_people?post=61201"}],"curies":[{"name":"wp","href":"https:\/\/api.w.org\/{rel}","templated":true}]}}

Ivana Přádová
